hat is the units digit of y?
1
Let y be -1 - -2 - (2 - 5). Suppose 4*x + 3*v - 8*v - 64 = 0, -3*x + y*v + 49 = 0. What is the tens digit of x?
1
Suppose 4*z - 279 = -z - o, 2*o = 5*z - 282. Suppose 5*g - g = -z. What is the units digit of 165/35 + (-4)/g?
5
Suppose v - 1 = -t, 0 = 3*v - 5*v + 3*t + 7. Suppose 14 = -h + v*h. What is the units digit of h?
4
Let f = -5 + 1. What is the tens digit of 40/50*(-70)/f?
1
Let x = -5 + 4. What is the units digit of 16/(x - (-3 - 0))?
8
Let g(x) = 2*x - 11. Let u be g(7). Let w = u - -1. What is the units digit of w?
4
Suppose -2*o - k + 3 = -0*o, -2*k + 6 = -o. Suppose -s + 5*g + 38 = 0, o*s + 5*s - 86 = -g. What is the units digit of s?
8
Let j(u) = 45*u**2 + 10*u - 5. What is the units digit of j(-3)?
0
Let d(i) = -2*i**3 - 3*i**2 + 13*i - 10. What is the hundreds digit of d(-6)?
2
Suppose 3*u - g = 2*u + 16, -g - 56 = -3*u. What is the units digit of u?
0
Let p be (-9)/(-12) - (-1)/4. What is the tens digit of 308/12 - p/(-3)?
2
Let a(u) be the third derivative of -u**5/60 - u**4/24 + u**3 - u**2. What is the units digit of a(0)?
6
Let x(a) = -a**2 + 11*a - 6. Suppose 4*h + 22 = 70. Let y = h - 2. What is the units digit of x(y)?
4
Suppose 2*w + 762 = 3*k, k - 3*w = -w + 258. What is the units digit of k?
2
What is the tens digit of ((-5)/15)/(2/(-66))?
1
Let m = 2 + 2. Suppose 2 + m = 3*b. What is the units digit of b?
2
Let l(o) = 10*o + 2. Let t be l(-2). What is the tens digit of (t/12)/((-6)/80)?
2
Let f = -8 - -5. Let o(y) = 3*y + 1. Let a be o(-2). Let r = f - a. What is the units digit of r?
2
What is the units digit of (2 - 0) + (-2 - -17)?
7
Let b(d) = -27*d**2 - d + 1. Let q(r) = 80*r**2 + 3*r - 3. Let c(v) = 17*b(v) + 6*q(v). What is the tens digit of c(1)?
2
Suppose -5*s = -2*x + 18, 3*x + 5*s = -x - 24. Let l(k) = -8*k**3 + 2*k**2 + 2*k + 1. What is the units digit of l(x)?
9
Suppose -4*m + 15 = m, -24 = -4*f - 4*m. What is the units digit of (-3)/(f/(-4))*2?
8
Let n be 18/(-6) - (29 + 0). What is the units digit of (10/8)/((-4)/n)?
0
Let s(o) = o**3 + 2*o**2 - 3*o + 2. Let q be s(-3). Let j(x) be the first derivative of x**4/4 - 2*x**3/3 + x**2/2 - 2. What is the units digit of j(q)?
2
Suppose i = -4*t + 2, 3*t + 0 = -i - 2. Suppose 6*w - 3*w = -3*x - 174, -w = 5. What is the units digit of (-6)/i - x/7?
8
Let v be 3 - (-1 + -3 - -9). What is the tens digit of (v/(-4))/(1/108)?
5
Suppose 14*q - 291 = 11*q. What is the tens digit of q?
9
Let s be (-30)/12*8/(-10). Suppose k - 5*f = -s*f, 4*k - f - 11 = 0. Suppose -6 = -k*z + 6. What is the units digit of z?
4
Suppose 3*m - 363 = -0*m. What is the hundreds digit of m?
1
Let k be 6*1*3/(-9). Let a = 10 - k. What is the units digit of a?
2
Let h = 71 + -39. What is the tens digit of h?
3
Let q(h) = -2*h + 4 + h + 3 + 0. Let o be q(4). What is the units digit of (8/3)/(1/o)?
8
What is the units digit of 25/10*-2 - -304?
9
Let j(m) = -m**2 + 11*m + 13. Let v be j(12). Let z(k) = 44*k**3 + 2*k - 1. What is the units digit of z(v)?
5
Suppose s - 4 = -1. Suppose 6*t - v = 2*t + 1, t + s*v + 16 = 0. Let u = t + 8. What is the units digit of u?
7
Suppose 0 = u - m + 89 - 36, -4*u + 5*m = 209. Let c = u + 80. What is the units digit of c?
4
Let l be (4 - (-30)/4)*-2. Let r = 52 + l. What is the tens digit of r?
2
Suppose 5*u + 26 = -34. What is the units digit of (-2)/(-4) + u/(-8)?
2
Let k(i) = -17*i**2 + 11*i + 7. Let f(b) = 9*b**2 - 6*b - 4. Let v(y) = -11*f(y) - 6*k(y). What is the tens digit of v(4)?
5
Let j(w) = -w**2 - 8*w + 12. Let n be j(-9). Suppose 0 = -n*y + 20 + 10. What is the units digit of y?
0
Suppose -1 = 4*p - 9. Suppose -3*o - 3827 = -5*v, 4*v - 6 = -p. What is the units digit of o/(-63) + 4/(-18)?
0
Let p(x) = -x**2 - 5*x + 4. Let i be p(-5). Suppose -4 + 0 = i*l. What is the units digit of l/(-2)*32/4?
4
Let m(b) = -b**2 + 2. Let a(z) = -z - 1. Let f be a(-3). Suppose -4*j + 12 = -f*j - 4*c, 3*j - 15 = 5*c. What is the units digit of m(j)?
2
Let d = 19 - 15. Suppose 3*j - 30 = -d*r + j, 0 = r - 2*j - 15. What is the units digit of r?
9
Let u(z) = z**3 + 7*z**2 - 10*z - 10. Let p be u(-8). Suppose p*j = 2*j. Suppose 0 = -4*t + 12, 4*h + 5*t = -j*h + 43. What is the units digit of h?
7
Suppose -4*t + 324 = -120. Suppose l = 4*l - t. What is the units digit of l?
7
Suppose -5*n + 0*a = -3*a - 332, -196 = -3*n + 5*a. What is the units digit of n?
7
Let a = 5 + -1. Suppose 5*o - 4 = a*o. What is the units digit of o?
4
Let q(c) be the first derivative of 2*c**3/3 - c**2/2 + 1. Let u be q(2). Suppose -2*y + 18 = 4*s, 4*s - u = -3*y + 5*y. What is the units digit of y?
3
Let i = -3 - 6. What is the tens digit of 4/18 - 124/i?
1
Let f be (3 + (-3 - -18))*-1. Let m = f + 31. What is the tens digit of m?
1
Suppose -3*v - 3*f - 2*f + 296 = 0, 2*f - 293 = -3*v. What is the units digit of v?
7
Suppose -2*p + 12 = -3*r, 2*r + 6 = p - 1. Let o be (-2)/3 - r/3. Suppose 0 = 2*n - o*n - 3*t - 30, 5*t = 3*n - 47. What is the units digit of n?
9
Let t(k) = -k**2 - 5*k + 9. What is the units digit of t(-6)?
3
Suppose -4*l + 570 = 2*l. What is the tens digit of l?
9
What is the tens digit of (-2)/(-4)*-2*-26?
2
What is the tens digit of ((-105)/14)/((-2)/8)?
3
Suppose 4 + 4 = 4*p, -4*c = -3*p + 6. Suppose c = -3*n - 10 - 5, -r + 4*n + 23 = 0. What is the units digit of r?
3
Suppose 0*y = 4*n + 2*y - 126, n + 2*y = 30. What is the units digit of n?
2
Let j = -5 + 2. Let v(t) = -11*t**3 + 23*t**2 - 26*t + 11. Let h(x) = 4*x**3 - 8*x**2 + 9*x - 4. Let u(w) = j*v(w) - 8*h(w). What is the units digit of u(4)?
7
Let j(t) = -7*t - 4. Let l(k) = -k - 1. Let z(s) = j(s) - 6*l(s). Let f be z(-2). Suppose f = o + 1. What is the units digit of o?
3
Suppose 0 = 3*z + 5*g + 14, -g = 6*z - z + 16. Let y(i) = i**3 + 4*i**2 + 4. What is the tens digit of y(z)?
1
Let a = -57 - -101. What is the units digit of a?
4
Let a(b) be the third derivative of -b**7/5040 + b**6/120 - b**5/60 - b**2. Let h(f) be the third derivative of a(f). What is the units digit of h(0)?
6
Suppose 11 = -r - 3*b + 48, 3*r - 71 = b. What is the units digit of r?
5
Let o be 22/3 - 1/3. Suppose q + 0 = o. What is the units digit of q?
7
Let m be (5/(-15))/((-1)/24). What is the units digit of (m/10)/(4/10)?
2
Suppose -4*r + 31 = 3*v - 18, 2*r - 30 = -2*v. Let g = v + -2. What is the units digit of g?
9
Let b be (-5)/(-15) + (-8)/(-3). Suppose 0 = h - b*h - 42. Let z = h + 36. What is the units digit of z?
5
What is the units digit of -3 + 1/2*374?
4
Let c = -4 - -8. Suppose 2*i - 62 = -5*w, 0 = -c*w - i - 4*i + 36. What is the tens digit of w?
1
Let k = 4 + -5. Let z(c) = c. Let b be z(k). Let f = 11 + b. What is the units digit of f?
0
Suppose 0 = -4*s + p + 2*p - 27, -3*p = -3*s - 24. Let j be -1 - s - (2 + -33). Suppose 3*t + 5*n + j = 4*t, -t - 4*n - 12 = 0. What is the units digit of t?
8
Let c(s) = 13*s - 2. Let l(t) = -t**2 - 6*t - 2. Let n be l(-5). Let z be c(n). Suppose 3*a - z = -10. What is the units digit of a?
9
Let z be (-5)/10*(-1 + -1). What is the tens digit of (-99)/27*(z + -4)?
1
Let n(d) = d**3 - 10*d**2 + 23*d - 13. What is the tens digit of n(9)?
1
Let s(v) be the third derivative of v**5/30 + 5*v**4/24 + v**3 + 3*v**2. Let x be s(-4). Let l = x - -3. What is the tens digit of l?
2
Let z(d) = 2*d**2 + 7*d + 14. Let f(c) = 3*c**2 + 10*c + 21. Let q(l) = -5*f(l) + 8*z(l). What is the units digit of q(-6)?
7
Let l(m) = -m**2 + 5*m - 3. Let w = 10 - 7. Suppose -2 = -2*p, w*p + p = -3*z + 13. What is the units digit of l(z)?
3
Let k(j) = -j**3 + 6*j**2 + 8*j - 4. Let u be k(7). Suppose -5*p - 4*x - 12 = 0, 5*p - 3*x = -2*x + u. Suppose -m + 3*m - 12 = p. What is the units digit of m?
6
Suppose 29 = 3*k + 2*s - 6, 2*k - 24 = -s. What is the tens digit of k?
1
Suppose -r + 2*r - 33 = 0. Suppose 3*w - r = -0*w. Suppose -3*a + w = -4. What is the units digit of a?
5
Suppose 0 = -7*f + 3*f + 12. Suppose -s - f*a = 9, 4*s - 2*a + 0*a - 34 = 0. What is the units digit of s?
6
Suppose l + l - 6 = 0, -4*a = 5*l - 27. Suppose -4*d = -1 - a. What is the units digit of d?
1
Suppose 5 = -j - 3. Let b = 14 + j. What is the units digit of b?
6
Let l(k) = -k**3 + 7*k**2 - 4*k - 5. Let p be l(6). Let z = 14 - p. What is the units digit of z?
7
Let s(q) = -q**2 + 10*q - 12. Let v be s(8). 